{"id":1190,"date":"2018-07-04T13:51:21","date_gmt":"2018-07-04T13:51:21","guid":{"rendered":"https:\/\/www.helpdeskcom.net\/hdcwp\/?page_id=1190"},"modified":"2018-07-09T20:41:52","modified_gmt":"2018-07-09T20:41:52","slug":"nosotros","status":"publish","type":"page","link":"https:\/\/www.helpdeskcom.net\/hdcwp\/nosotros\/","title":{"rendered":"Nosotros"},"content":{"rendered":"<p>[et_pb_section fb_built=\u00bb1&#8243; fullwidth=\u00bbon\u00bb _builder_version=\u00bb3.7.1&#8243; background_color=\u00bb#2ea3f2&#8243; use_background_color_gradient=\u00bbon\u00bb background_color_gradient_start=\u00bb#2ea3f2&#8243; background_color_gradient_end=\u00bb#2e6df4&#8243; background_color_gradient_direction=\u00bb330deg\u00bb][et_pb_fullwidth_header title=\u00bbNosotros\u00bb subhead=\u00bbEmpresa de desarrollo y soluciones.\u00bb _builder_version=\u00bb3.2&#8243; background_color=\u00bbrgba(255, 255, 255, 0)\u00bb][\/et_pb_fullwidth_header][\/et_pb_section][et_pb_section fb_built=\u00bb1&#8243; _builder_version=\u00bb3.0.47&#8243;][et_pb_row _builder_version=\u00bb3.0.47&#8243; background_size=\u00bbinitial\u00bb background_position=\u00bbtop_left\u00bb background_repeat=\u00bbrepeat\u00bb][et_pb_column type=\u00bb1_4&#8243; _builder_version=\u00bb3.0.47&#8243; parallax=\u00bboff\u00bb parallax_method=\u00bbon\u00bb][et_pb_blurb title=\u00bbMantenimiento\u00bb use_icon=\u00bbon\u00bb font_icon=\u00bb\ue00e\u00bb _builder_version=\u00bb3.7.1&#8243; background_size=\u00bbinitial\u00bb background_position=\u00bbtop_left\u00bb background_repeat=\u00bbrepeat\u00bb text_orientation=\u00bbcenter\u00bb]<\/p>\n<p>Ofrecemos un excelente servicio de mantenimiento de equipos ya sea en hogar u oficina.<\/p>\n<p>[\/et_pb_blurb][\/et_pb_column][et_pb_column type=\u00bb1_4&#8243; _builder_version=\u00bb3.0.47&#8243; parallax=\u00bboff\u00bb parallax_method=\u00bbon\u00bb][et_pb_blurb title=\u00bbRespaldo\u00bb use_icon=\u00bbon\u00bb font_icon=\u00bb\ue070\u00bb _builder_version=\u00bb3.7.1&#8243; background_size=\u00bbinitial\u00bb background_position=\u00bbtop_left\u00bb background_repeat=\u00bbrepeat\u00bb text_orientation=\u00bbcenter\u00bb]<\/p>\n<p>Nos encargamos de respaldar su informaci\u00f3n, para evitar perdidas de archivos.<\/p>\n<p>[\/et_pb_blurb][\/et_pb_column][et_pb_column type=\u00bb1_4&#8243; _builder_version=\u00bb3.0.47&#8243; parallax=\u00bboff\u00bb parallax_method=\u00bbon\u00bb][et_pb_blurb title=\u00bbDesarrollo\u00bb use_icon=\u00bbon\u00bb font_icon=\u00bb\ue038\u00bb _builder_version=\u00bb3.7.1&#8243; background_size=\u00bbinitial\u00bb background_position=\u00bbtop_left\u00bb background_repeat=\u00bbrepeat\u00bb text_orientation=\u00bbcenter\u00bb]<\/p>\n<p>Desarrollamos software (programas) para su hogar o empresa.<\/p>\n<p>[\/et_pb_blurb][\/et_pb_column][et_pb_column type=\u00bb1_4&#8243; _builder_version=\u00bb3.0.47&#8243; parallax=\u00bboff\u00bb parallax_method=\u00bbon\u00bb][et_pb_blurb title=\u00bbSoporte T\u00e9cnico\u00bb use_icon=\u00bbon\u00bb font_icon=\u00bb%%173%%\u00bb _builder_version=\u00bb3.7.1&#8243; background_size=\u00bbinitial\u00bb background_position=\u00bbtop_left\u00bb background_repeat=\u00bbrepeat\u00bb text_orientation=\u00bbcenter\u00bb]<\/p>\n<p>Nos encargamos de los problemas que puedas tener con tu equipo.<\/p>\n<p>[\/et_pb_blurb][\/et_pb_column][\/et_pb_row][\/et_pb_section][et_pb_section fb_built=\u00bb1&#8243; _builder_version=\u00bb3.0.98&#8243; background_color=\u00bb#f7f7f7&#8243;][et_pb_row custom_padding=\u00bb24px|0px|26.2188px|0px|false|false\u00bb _builder_version=\u00bb3.0.47&#8243; background_size=\u00bbinitial\u00bb background_position=\u00bbtop_left\u00bb background_repeat=\u00bbrepeat\u00bb][et_pb_column type=\u00bb2_3&#8243; _builder_version=\u00bb3.0.47&#8243; parallax=\u00bboff\u00bb parallax_method=\u00bbon\u00bb][et_pb_text _builder_version=\u00bb3.7.1&#8243; text_font=\u00bb||||||||\u00bb background_size=\u00bbinitial\u00bb background_position=\u00bbtop_left\u00bb background_repeat=\u00bbrepeat\u00bb text_orientation=\u00bbjustified\u00bb]<\/p>\n<h1>Nuestros Servicios<\/h1>\n<p>Se brinda el servicio especializado, en la Administraci\u00f3n del \u00e1rea de Tecnolog\u00edas de Informaci\u00f3n y apoyo al \u00e1rea de Sistemas Inform\u00e1ticos, para cubrir las tareas que desconcentran al profesional del desarrollo; enfoc\u00e1ndonos en el soporte a usuarios, mantenimiento preventivo y correctivo de equipos, instalaci\u00f3n, configuraci\u00f3n y mantenimiento de redes, servidores, proveedores de energ\u00eda temporal (UPS), bases celulares, intercomunicaci\u00f3n con vendedores y agencias. Adem\u00e1s gestionamos las compras y \u00f3rdenes de trabajo, con los proveedores requeridos para cumplir con el debido funcionamiento del \u00e1rea tecnol\u00f3gica de la empresa a quien servimos.[\/et_pb_text][\/et_pb_column][et_pb_column type=\u00bb1_3&#8243; _builder_version=\u00bb3.0.47&#8243; parallax=\u00bboff\u00bb parallax_method=\u00bbon\u00bb][et_pb_counters _builder_version=\u00bb3.7.1&#8243; custom_padding=\u00bb|||\u00bb custom_padding_tablet=\u00bb|||\u00bb custom_padding_phone=\u00bb|||\u00bb custom_padding_last_edited=\u00bboff|desktop\u00bb][et_pb_counter percent=\u00bb80&#8243; bar_background_color=\u00bb#7cda24&#8243; _builder_version=\u00bb3.7.1&#8243; percent_font=\u00bb||||||||\u00bb background_color_default=\u00bb#dddddd\u00bb parallax_default=\u00bboff\u00bb parallax_method_default=\u00bbon\u00bb bar_background_color_default=\u00bb#2ea3f2&#8243; use_percentages=\u00bbon\u00bb allow_player_pause_default=\u00bboff\u00bb]Mantenimiento[\/et_pb_counter][et_pb_counter percent=\u00bb70&#8243; bar_background_color=\u00bb#0c71c3&#8243; _builder_version=\u00bb3.7.1&#8243; background_color_default=\u00bb#dddddd\u00bb parallax_default=\u00bboff\u00bb parallax_method_default=\u00bbon\u00bb bar_background_color_default=\u00bb#2ea3f2&#8243; use_percentages=\u00bbon\u00bb allow_player_pause_default=\u00bboff\u00bb]Desarrollo Web[\/et_pb_counter][et_pb_counter percent=\u00bb70&#8243; _builder_version=\u00bb3.7.1&#8243; background_color_default=\u00bb#dddddd\u00bb parallax_default=\u00bboff\u00bb parallax_method_default=\u00bbon\u00bb bar_background_color_default=\u00bb#2ea3f2&#8243; use_percentages=\u00bbon\u00bb allow_player_pause_default=\u00bboff\u00bb]Desarrollo Software[\/et_pb_counter][et_pb_counter percent=\u00bb90&#8243; bar_background_color=\u00bb#7cda24&#8243; _builder_version=\u00bb3.7.1&#8243; background_color_default=\u00bb#dddddd\u00bb parallax_default=\u00bboff\u00bb parallax_method_default=\u00bbon\u00bb bar_background_color_default=\u00bb#2ea3f2&#8243; use_percentages=\u00bbon\u00bb allow_player_pause_default=\u00bboff\u00bb]\u00d3rdenes de Compra[\/et_pb_counter][\/et_pb_counters][\/et_pb_column][\/et_pb_row][\/et_pb_section][et_pb_section fb_built=\u00bb1&#8243; _builder_version=\u00bb3.7.1&#8243; box_shadow_style=\u00bbpreset1&#8243; custom_padding=\u00bb0|0px|30px|0px|false|false\u00bb global_module=\u00bb1206&#8243;][et_pb_row make_fullwidth=\u00bbon\u00bb custom_padding=\u00bb26.1094px|0px|16px|0px|false|false\u00bb _builder_version=\u00bb3.7.1&#8243; background_size=\u00bbinitial\u00bb background_position=\u00bbtop_left\u00bb background_repeat=\u00bbrepeat\u00bb][et_pb_column type=\u00bb4_4&#8243; _builder_version=\u00bb3.7.1&#8243; parallax=\u00bboff\u00bb parallax_method=\u00bbon\u00bb][et_pb_text _builder_version=\u00bb3.7.1&#8243; text_font=\u00bbBelgrano|700||||on|||\u00bb text_text_color=\u00bb#8e2820&#8243; text_font_size=\u00bb30px\u00bb text_orientation=\u00bbcenter\u00bb]<\/p>\n<p id=\"nosotros\">Nosotros<\/p>\n<p>[\/et_pb_text][et_pb_divider color=\u00bb#8e2820&#8243; divider_weight=\u00bb3px\u00bb _builder_version=\u00bb3.7.1&#8243;][\/et_pb_divider][\/et_pb_column][\/et_pb_row][et_pb_row make_fullwidth=\u00bbon\u00bb custom_padding=\u00bb0|0px|30px|0px|false|false\u00bb _builder_version=\u00bb3.7.1&#8243; box_shadow_style=\u00bbpreset3&#8243;][et_pb_column type=\u00bb1_2&#8243; _builder_version=\u00bb3.7.1&#8243; parallax=\u00bboff\u00bb parallax_method=\u00bbon\u00bb][et_pb_text _builder_version=\u00bb3.7.1&#8243; text_font=\u00bbBelgrano|700|||||||\u00bb text_text_color=\u00bb#8e2820&#8243; text_font_size=\u00bb20px\u00bb box_shadow_style=\u00bbpreset1&#8243; text_orientation=\u00bbcenter\u00bb]Misi\u00f3n[\/et_pb_text][et_pb_text _builder_version=\u00bb3.7.1&#8243; text_font=\u00bb||||||||\u00bb text_text_color=\u00bb#000000&#8243; text_font_size=\u00bb17px\u00bb text_orientation=\u00bbjustified\u00bb custom_padding=\u00bb|15px||15px\u00bb custom_padding_last_edited=\u00bbon|desktop\u00bb]Brindar a las organizaciones y clientela en general, servicios y productos tecnol\u00f3gicos e inform\u00e1ticos de calidad que satisfagan sus necesidades, respondiendo de forma oportuna, confiable y a costos aceptables, a trav\u00e9s del mejoramiento continuo e integral de procesos empresariales acordes al mercado.[\/et_pb_text][\/et_pb_column][et_pb_column type=\u00bb1_2&#8243; _builder_version=\u00bb3.7.1&#8243; parallax=\u00bboff\u00bb parallax_method=\u00bbon\u00bb][et_pb_text _builder_version=\u00bb3.7.1&#8243; text_font=\u00bbBelgrano|700|||||||\u00bb text_text_color=\u00bb#8e2820&#8243; text_font_size=\u00bb20px\u00bb box_shadow_style=\u00bbpreset1&#8243; text_orientation=\u00bbcenter\u00bb]Visi\u00f3n[\/et_pb_text][et_pb_text _builder_version=\u00bb3.7.1&#8243; text_font=\u00bb||||||||\u00bb text_text_color=\u00bb#000000&#8243; text_font_size=\u00bb17px\u00bb text_orientation=\u00bbjustified\u00bb custom_padding=\u00bb|15px||15px\u00bb custom_padding_last_edited=\u00bboff|desktop\u00bb]HelpDeskCom, pretende ubicarse como l\u00edder en el mercado de tecnolog\u00edas de informaci\u00f3n, aportando ahorro, eficiencia, seguridad y calidad a nuestros clientes con servicios y productos de vanguardia.[\/et_pb_text][\/et_pb_column][\/et_pb_row][et_pb_row make_fullwidth=\u00bbon\u00bb custom_padding=\u00bb50px|0px|26.2188px|0|false|false\u00bb padding_right_3=\u00bb20px\u00bb padding_left_1=\u00bb20px\u00bb padding_1_last_edited=\u00bbon|desktop\u00bb _builder_version=\u00bb3.7.1&#8243;][et_pb_column type=\u00bb1_3&#8243; _builder_version=\u00bb3.7.1&#8243; padding_last_edited=\u00bbon|desktop\u00bb padding_left=\u00bb20px\u00bb parallax=\u00bboff\u00bb parallax_method=\u00bbon\u00bb][et_pb_text _builder_version=\u00bb3.7.1&#8243; text_font=\u00bbBelgrano|700|||||||\u00bb text_text_color=\u00bb#8e2820&#8243; text_font_size=\u00bb20px\u00bb box_shadow_style=\u00bbpreset1&#8243; text_orientation=\u00bbcenter\u00bb]Objetivos[\/et_pb_text][et_pb_text _builder_version=\u00bb3.7.1&#8243; text_font=\u00bb||||||||\u00bb text_text_color=\u00bb#000000&#8243; text_font_size=\u00bb17px\u00bb text_orientation=\u00bbjustified\u00bb]Llegar a ser un aliado estrat\u00e9gico de las organizaciones, para contribuir con el crecimiento y competitividad de las mismas.[\/et_pb_text][\/et_pb_column][et_pb_column type=\u00bb1_3&#8243; _builder_version=\u00bb3.7.1&#8243; parallax=\u00bboff\u00bb parallax_method=\u00bbon\u00bb][et_pb_text _builder_version=\u00bb3.7.1&#8243; text_font=\u00bbBelgrano|700|||||||\u00bb text_text_color=\u00bb#8e2820&#8243; text_font_size=\u00bb20px\u00bb box_shadow_style=\u00bbpreset1&#8243; text_orientation=\u00bbcenter\u00bb]Pol\u00edtica[\/et_pb_text][et_pb_text _builder_version=\u00bb3.7.1&#8243; text_font=\u00bb||||||||\u00bb text_text_color=\u00bb#000000&#8243; text_font_size=\u00bb17px\u00bb text_orientation=\u00bbjustified\u00bb]Nos enmarcamos en la \u00e9tica, valores, responsabilidad, confidencialidad, en las actividades a nosotros encomendadas.[\/et_pb_text][\/et_pb_column][et_pb_column type=\u00bb1_3&#8243; _builder_version=\u00bb3.7.1&#8243; padding_right=\u00bb20px\u00bb parallax=\u00bboff\u00bb parallax_method=\u00bbon\u00bb][et_pb_text _builder_version=\u00bb3.7.1&#8243; text_font=\u00bbBelgrano|700|||||||\u00bb text_text_color=\u00bb#8e2820&#8243; text_font_size=\u00bb20px\u00bb box_shadow_style=\u00bbpreset1&#8243; text_orientation=\u00bbcenter\u00bb]Funciones[\/et_pb_text][et_pb_text _builder_version=\u00bb3.7.1&#8243; text_font=\u00bb||||||||\u00bb text_text_color=\u00bb#000000&#8243; text_font_size=\u00bb17px\u00bb text_orientation=\u00bbjustified\u00bb]Nuestra empresa se desempe\u00f1a a cabalidad en cuatro funciones u \u00e1reas, las mismas que se describen a continuaci\u00f3n:<\/p>\n<ul>\n<li>Servicios<\/li>\n<li>Software<\/li>\n<li>Ventas<\/li>\n<li>Capacitaci\u00f3n<\/li>\n<\/ul>\n<p>[\/et_pb_text][\/et_pb_column][\/et_pb_row][\/et_pb_section][et_pb_section fb_built=\u00bb1&#8243; _builder_version=\u00bb3.9&#8243; disabled_on=\u00bbon|on|on\u00bb][et_pb_row _builder_version=\u00bb3.0.47&#8243; background_size=\u00bbinitial\u00bb background_position=\u00bbtop_left\u00bb background_repeat=\u00bbrepeat\u00bb][et_pb_column type=\u00bb1_3&#8243; _builder_version=\u00bb3.0.47&#8243; parallax=\u00bboff\u00bb parallax_method=\u00bbon\u00bb][et_pb_team_member name=\u00bbTeam Member 1&#8243; position=\u00bbCompany Role\u00bb image_url=\u00bbhttps:\/\/www.helpdeskcom.net\/hdcwp\/wp-content\/uploads\/2018\/07\/travel-portrait-03.jpg\u00bb facebook_url=\u00bb#\u00bb twitter_url=\u00bb#\u00bb google_url=\u00bb#\u00bb linkedin_url=\u00bb#\u00bb icon_color=\u00bb#2ea3f2&#8243; admin_label=\u00bbTeam Member\u00bb _builder_version=\u00bb3.0.98&#8243; background_size=\u00bbinitial\u00bb background_position=\u00bbtop_left\u00bb background_repeat=\u00bbrepeat\u00bb animation=\u00bbfade_in\u00bb]Aenean consectetur ipsum ante, vel egestas enim tincidunt quis. Pellentesque vitae congue neque, vel mattis ante. In vitae tempus nunc.<br \/>\n[\/et_pb_team_member][\/et_pb_column][et_pb_column type=\u00bb1_3&#8243; _builder_version=\u00bb3.0.47&#8243; parallax=\u00bboff\u00bb parallax_method=\u00bbon\u00bb][et_pb_team_member name=\u00bbTeam Member 1&#8243; position=\u00bbCompany Role\u00bb image_url=\u00bbhttps:\/\/www.helpdeskcom.net\/hdcwp\/wp-content\/uploads\/2018\/07\/travel-portrait-06.jpg\u00bb facebook_url=\u00bb#\u00bb twitter_url=\u00bb#\u00bb google_url=\u00bb#\u00bb linkedin_url=\u00bb#\u00bb icon_color=\u00bb#2ea3f2&#8243; admin_label=\u00bbTeam Member\u00bb _builder_version=\u00bb3.0.98&#8243; background_size=\u00bbinitial\u00bb background_position=\u00bbtop_left\u00bb background_repeat=\u00bbrepeat\u00bb animation=\u00bbfade_in\u00bb]Aenean consectetur ipsum ante, vel egestas enim tincidunt quis. Pellentesque vitae congue neque, vel mattis ante. In vitae tempus nunc.<br \/>\n[\/et_pb_team_member][\/et_pb_column][et_pb_column type=\u00bb1_3&#8243; _builder_version=\u00bb3.0.47&#8243; parallax=\u00bboff\u00bb parallax_method=\u00bbon\u00bb][et_pb_team_member name=\u00bbTeam Member 1&#8243; position=\u00bbCompany Role\u00bb image_url=\u00bbhttps:\/\/www.helpdeskcom.net\/hdcwp\/wp-content\/uploads\/2018\/07\/travel-portrait-04.jpg\u00bb facebook_url=\u00bb#\u00bb twitter_url=\u00bb#\u00bb google_url=\u00bb#\u00bb linkedin_url=\u00bb#\u00bb icon_color=\u00bb#2ea3f2&#8243; admin_label=\u00bbTeam Member\u00bb _builder_version=\u00bb3.0.98&#8243; background_size=\u00bbinitial\u00bb background_position=\u00bbtop_left\u00bb background_repeat=\u00bbrepeat\u00bb animation=\u00bbfade_in\u00bb]Aenean consectetur ipsum ante, vel egestas enim tincidunt quis. Pellentesque vitae congue neque, vel mattis ante. In vitae tempus nunc.<br \/>\n[\/et_pb_team_member][\/et_pb_column][\/et_pb_row][\/et_pb_section]<\/p>\n","protected":false},"excerpt":{"rendered":"<p>Ofrecemos un excelente servicio de mantenimiento de equipos ya sea en hogar u oficina.Nos encargamos de respaldar su informaci\u00f3n, para evitar perdidas de archivos.Desarrollamos software (programas) para su hogar o empresa.Nos encargamos de los problemas que puedas tener con tu equipo.Nuestros Servicios Se brinda el servicio especializado, en la Administraci\u00f3n del \u00e1rea de Tecnolog\u00edas de [&hellip;]<\/p>\n","protected":false},"author":1,"featured_media":0,"parent":0,"menu_order":0,"comment_status":"closed","ping_status":"closed","template":"","meta":{"_et_pb_use_builder":"on","_et_pb_old_content":"","_et_gb_content_width":"","footnotes":""},"_links":{"self":[{"href":"https:\/\/www.helpdeskcom.net\/hdcwp\/wp-json\/wp\/v2\/pages\/1190"}],"collection":[{"href":"https:\/\/www.helpdeskcom.net\/hdcwp\/wp-json\/wp\/v2\/pages"}],"about":[{"href":"https:\/\/www.helpdeskcom.net\/hdcwp\/wp-json\/wp\/v2\/types\/page"}],"author":[{"embeddable":true,"href":"https:\/\/www.helpdeskcom.net\/hdcwp\/wp-json\/wp\/v2\/users\/1"}],"replies":[{"embeddable":true,"href":"https:\/\/www.helpdeskcom.net\/hdcwp\/wp-json\/wp\/v2\/comments?post=1190"}],"version-history":[{"count":7,"href":"https:\/\/www.helpdeskcom.net\/hdcwp\/wp-json\/wp\/v2\/pages\/1190\/revisions"}],"predecessor-version":[{"id":1526,"href":"https:\/\/www.helpdeskcom.net\/hdcwp\/wp-json\/wp\/v2\/pages\/1190\/revisions\/1526"}],"wp:attachment":[{"href":"https:\/\/www.helpdeskcom.net\/hdcwp\/wp-json\/wp\/v2\/media?parent=1190"}],"curies":[{"name":"wp","href":"https:\/\/api.w.org\/{rel}","templated":true}]}}